emainder when 248 is divided by 23.
18
What is the remainder when 1486 is divided by 24?
22
What is the remainder when 2235 is divided by 745?
0
What is the remainder when 151 is divided by 63?
25
Calculate the remainder when 11303 is divided by 85.
83
What is the remainder when 10 is divided by 5?
0
What is the remainder when 112 is divided by 101?
11
What is the remainder when 261 is divided by 17?
6
Calculate the remainder when 123 is divided by 47.
29
Calculate the remainder when 60 is divided by 22.
16
Calculate the remainder when 126 is divided by 27.
18
Calculate the remainder when 1367 is divided by 37.
35
Calculate the remainder when 150 is divided by 77.
73
Calculate the remainder when 478 is divided by 235.
8
Calculate the remainder when 636 is divided by 90.
6
Calculate the remainder when 663 is divided by 35.
33
What is the remainder when 147 is divided by 41?
24
Calculate the remainder when 5610 is divided by 104.
98
What is the remainder when 1004 is divided by 73?
55
What is the remainder when 100 is divided by 44?
12
Calculate the remainder when 939 is divided by 43.
36
What is the remainder when 151 is divided by 13?
8
What is the remainder when 1351 is divided by 136?
127
What is the remainder when 1001 is divided by 112?
105
Calculate the remainder when 89 is divided by 4.
1
What is the remainder when 497 is divided by 238?
21
Calculate the remainder when 822 is divided by 10.
2
Calculate the remainder when 297 is divided by 42.
3
Calculate the remainder when 612 is divided by 199.
15
What is the remainder when 544 is divided by 25?
19
Calculate the remainder when 74 is divided by 27.
20
What is the remainder when 122 is divided by 65?
57
Calculate the remainder when 70 is divided by 34.
2
What is the remainder when 1642 is divided by 75?
67
Calculate the remainder when 157 is divided by 151.
6
Calculate the remainder when 129 is divided by 47.
35
Calculate the remainder when 360 is divided by 341.
19
Calculate the remainder when 77 is divided by 33.
11
What is the remainder when 135 is divided by 34?
33
Calculate the remainder when 9236 is divided by 120.
116
Calculate the remainder when 55 is divided by 32.
23
Calculate the remainder when 292 is divided by 30.
22
Calculate the remainder when 4374 is divided by 151.
146
What is the remainder when 85 is divided by 15?
10
Calculate the remainder when 488 is divided by 48.
8
What is the remainder when 4406 is divided by 24?
14
What is the remainder when 2140 is divided by 19?
12
What is the remainder when 2719 is divided by 10?
9
What is the remainder when 209 is divided by 35?
34
Calculate the remainder when 127 is divided by 10.
7
What is the remainder when 127 is divided by 31?
3
Calculate the remainder when 339 is divided by 74.
43
Calculate the remainder when 932 is divided by 460.
12
Calculate the remainder when 4065 is divided by 371.
355
Calculate the remainder when 263 is divided by 70.
53
What is the remainder when 511 is divided by 103?
99
What is the remainder when 70 is divided by 19?
13
What is the remainder when 28 is divided by 10?
8
What is the remainder when 11797 is divided by 25?
22
Calculate the remainder when 613 is divided by 310.
303
Calculate the remainder when 808 is divided by 82.
70
Calculate the remainder when 20809 is divided by 121.
118
Calculate the remainder when 2697 is divided by 75.
72
Calculate the remainder when 13 is divided by 10.
3
Calculate the remainder when 296 is divided by 22.
10
Calculate the remainder when 68 is divided by 39.
29
What is the remainder when 1213 is divided by 76?
73
Calculate the remainder when 276 is divided by 58.
44
What is the remainder when 215 is divided by 128?
87
What is the remainder when 641 is divided by 631?
10
Calculate the remainder when 2241 is divided by 28.
1
Calculate the remainder when 75 is divided by 10.
5
What is the remainder when 6715 is divided by 1678?
3
What is the remainder when 142 is divided by 18?
16
What is the remainder when 503 is divided by 56?
55
What is the remainder when 1722 is divided by 1719?
3
Calculate the remainder when 381 is divided by 16.
13
What is the remainder when 76 is divided by 10?
6
What is the remainder when 472 is divided by 224?
24
What is the remainder when 274 is divided by 100?
74
What is the remainder when 931 is divided by 315?
301
What is the remainder when 246 is divided by 48?
6
Calculate the remainder when 130 is divided by 33.
31
Calculate the remainder when 118 is divided by 51.
16
Calculate the remainder when 110 is divided by 7.
5
What is the remainder when 608 is divided by 10?
8
What is the remainder when 489 is divided by 476?
13
Calculate the remainder when 20346 is divided by 19.
16
Calculate the remainder when 275 is divided by 46.
45
What is the remainder when 2700 is divided by 104?
100
Calculate the remainder when 3934 is divided by 123.
121
What is the remainder when 262 is divided by 45?
37
Calculate the remainder when 350 is divided by 88.
86
What is the remainder when 844 is divided by 193?
72
What is the remainder when 67 is divided by 21?
4
Calculate the remainder when 457 is divided by 10.
7
What is the remainder when 89 is divided by 23?
20
What is the remainder when 182 is divided by 16?
6
Calculate the remainder when 659 is divided by 177.
128
What is the remainder when 1739 is divided by 145?
144
Calculate the remainder when 513 is divided by 47.
43
What is the remainder when 2057 is divided by 8?
1
What is the remainder when 1089 is divided by 353?
30
What is the remainder when 710 is divided by 48?
38
What is the remainder when 237 is divided by 20?
17
Calculate the remainder when 4027 is divided by 2008.
11
What is the remainder when 205 is divided by 69?
67
What is the remainder when 127 is divided by 43?
41
Calculate the remainder when 6160 is divided by 79.
77
Calculate the remainder when 2812 is divided by 158.
126
Calculate the remainder when 19 is divided by 8.
3
Calculate the remainder when 194 is divided by 65.
64
What is the remainder when 2421 is divided by 81?
72
What is the remainder when 30 is divided by 11?
8
Calculate the remainder when 22087 is divided by 94.
91
What is the remainder when 59 is divided by 20?
19
What is the remainder when 2392 is divided by 271?
224
Calculate the remainder when 1567 is divided by 7.
6
Calculate the remainder when 299 is divided by 50.
49
What is the remainder when 28 is divided by 7?
0
What is the remainder when 3601 is divided by 22?
15
What is the remainder when 585 is divided by 49?
46
Calculate the remainder when 445 is divided by 122.
79
Calculate the remainder when 1399 is divided by 225.
49
Calculate the remainder when 155 is divided by 48.
11
Calculate the remainder when 42 is divided by 17.
8
What is the remainder when 67 is divided by 5?
2
What is the remainder when 103 is divided by 57?
46
Calculate the remainder when 9221 is divided by 15.
11
What is the remainder when 183 is divided by 57?
12
Calculate the remainder when 114 is divided by 79.
35
Calculate the remainder when 1115 is divided by 366.
17
Calculate the remainder when 2979 is divided by 993.
0
What is the remainder when 1879 is divided by 86?
73
What is the remainder when 123 is divided by 26?
19
What is the remainder when 5968 is divided by 24?
16
Calculate the remainder when 4159 is divided by 115.
19
What is the remainder when 222 is divided by 114?
108
Calculate the remainder when 141 is divided by 74.
67
Calculate the remainder when 49 is divided by 49.
0
What is the remainder when 17110 is divided by 62?
60
Calculate the remainder when 90 is divided by 90.
0
What is the remainder when 8747 is divided by 20?
7
Calculate the remainder when 4097 is divided by 82.
79
Calculate the remainder when 9458 is divided by 11.
9
What is the remainder when 2913 is divided by 54?
51
What is the remainder when 15 is divided by 6?
3
Calculate the remainder when 923 is divided by 37.
35
Calculate the remainder when 644 is divided by 19.
17
Calculate the remainder when 133 is divided by 69.
64
Calculate the remainder when 145 is divided by 30.
25
Calculate the remainder when 211 is divided by 69.
4
Calculate the remainder when 251 is divided by 69.
44
Calculate the remainder when 1090 is divided by 179.
16